{"id":20,"date":"2021-03-06T19:32:36","date_gmt":"2021-03-06T19:32:36","guid":{"rendered":"https:\/\/dtk-dortmund.de\/?page_id=20"},"modified":"2026-04-16T06:46:38","modified_gmt":"2026-04-16T06:46:38","slug":"home","status":"publish","type":"page","link":"https:\/\/dtk-dortmund.de\/","title":{"rendered":"Home"},"content":{"rendered":"\n<hr class=\"wp-block-separator has-alpha-channel-opacity\"\/>\n\n\n\n<p class=\"has-text-align-center\"><\/p>\n\n\n<ul class=\"wp-block-latest-posts__list is-grid columns-2 wp-block-latest-posts\"><li><div class=\"wp-block-latest-posts__featured-image\"><img loading=\"lazy\" decoding=\"async\" width=\"150\" height=\"150\" src=\"https:\/\/dtk-dortmund.de\/wp-content\/uploads\/2026\/02\/WhatsApp-Image-2026-02-08-at-15.13.17-150x150.jpeg\" class=\"attachment-thumbnail size-thumbnail wp-post-image\" alt=\"\" style=\"max-width:150px;max-height:150px;\" srcset=\"https:\/\/dtk-dortmund.de\/wp-content\/uploads\/2026\/02\/WhatsApp-Image-2026-02-08-at-15.13.17-150x150.jpeg 150w, https:\/\/dtk-dortmund.de\/wp-content\/uploads\/2026\/02\/WhatsApp-Image-2026-02-08-at-15.13.17-510x510.jpeg 510w\" sizes=\"auto, (max-width: 150px) 100vw, 150px\" \/><\/div><a class=\"wp-block-latest-posts__post-title\" href=\"https:\/\/dtk-dortmund.de\/index.php\/2026\/02\/15\/aufraeumaktion-am-8-februar-2026\/\">Aufr\u00e4umaktion am 8. Februar 2026<\/a><div class=\"wp-block-latest-posts__post-excerpt\">Am Sonntag haben wir unser Vereinsgel\u00e4nde aufger\u00e4umt und &#8222;auf Vordermann&#8220; gebracht. Belohnt wurden alle Flei\u00dfigen mit Grillwurst im Br\u00f6tchen. Ein herzliches Dankesch\u00f6n an alle Helferinnen\u2026\u00a0<a class=\"wp-block-latest-posts__read-more\" href=\"https:\/\/dtk-dortmund.de\/index.php\/2026\/02\/15\/aufraeumaktion-am-8-februar-2026\/\" rel=\"noopener noreferrer\"><span class=\"screen-reader-text\">Aufr\u00e4umaktion am 8. Februar 2026 <\/span>weiterlesen<\/a><\/div><\/li>\n<li><div class=\"wp-block-latest-posts__featured-image\"><img loading=\"lazy\" decoding=\"async\" width=\"150\" height=\"150\" src=\"https:\/\/dtk-dortmund.de\/wp-content\/uploads\/2026\/02\/WhatsApp-Image-2026-01-29-at-13.59.05-2-150x150.jpeg\" class=\"attachment-thumbnail size-thumbnail wp-post-image\" alt=\"\" style=\"max-width:150px;max-height:150px;\" srcset=\"https:\/\/dtk-dortmund.de\/wp-content\/uploads\/2026\/02\/WhatsApp-Image-2026-01-29-at-13.59.05-2-150x150.jpeg 150w, https:\/\/dtk-dortmund.de\/wp-content\/uploads\/2026\/02\/WhatsApp-Image-2026-01-29-at-13.59.05-2-510x510.jpeg 510w\" sizes=\"auto, (max-width: 150px) 100vw, 150px\" \/><\/div><a class=\"wp-block-latest-posts__post-title\" href=\"https:\/\/dtk-dortmund.de\/index.php\/2026\/02\/04\/wir-auf-der-jagd-hund-in-dortmund-am-28-01-2026\/\">Wir auf der Jagd &amp; Hund in Dortmund am 28.01.2026<\/a><div class=\"wp-block-latest-posts__post-excerpt\">Die Dackel unserer Gruppe pr\u00e4sentierten sich auf der Jagd &amp; Hund in Dortmund.<\/div><\/li>\n<li><div class=\"wp-block-latest-posts__featured-image\"><img loading=\"lazy\" decoding=\"async\" width=\"150\" height=\"150\" src=\"https:\/\/dtk-dortmund.de\/wp-content\/uploads\/2026\/01\/WhatsApp-Image-2025-12-07-at-12.34.19-150x150.jpeg\" class=\"attachment-thumbnail size-thumbnail wp-post-image\" alt=\"\" style=\"max-width:150px;max-height:150px;\" srcset=\"https:\/\/dtk-dortmund.de\/wp-content\/uploads\/2026\/01\/WhatsApp-Image-2025-12-07-at-12.34.19-150x150.jpeg 150w, https:\/\/dtk-dortmund.de\/wp-content\/uploads\/2026\/01\/WhatsApp-Image-2025-12-07-at-12.34.19-510x510.jpeg 510w\" sizes=\"auto, (max-width: 150px) 100vw, 150px\" \/><\/div><a class=\"wp-block-latest-posts__post-title\" href=\"https:\/\/dtk-dortmund.de\/index.php\/2026\/01\/13\/weihnachtsfeier-am-nikolaustag\/\">Weihnachtsfeier am Nikolaustag<\/a><div class=\"wp-block-latest-posts__post-excerpt\">\u00dcber 30 Mitglieder der Gruppe Dortmund kamen in unsere sehr sch\u00f6n und liebevoll dekorierte Teckelh\u00fctte. Bei selbstgemachtem Essen, es gab Flammlachs, Leberk\u00e4se mit Kartoffelsalat und\u2026\u00a0<a class=\"wp-block-latest-posts__read-more\" href=\"https:\/\/dtk-dortmund.de\/index.php\/2026\/01\/13\/weihnachtsfeier-am-nikolaustag\/\" rel=\"noopener noreferrer\"><span class=\"screen-reader-text\">Weihnachtsfeier am Nikolaustag <\/span>weiterlesen<\/a><\/div><\/li>\n<li><div class=\"wp-block-latest-posts__featured-image\"><img loading=\"lazy\" decoding=\"async\" width=\"150\" height=\"150\" src=\"https:\/\/dtk-dortmund.de\/wp-content\/uploads\/2025\/12\/N24_6742_DM-150x150.jpg\" class=\"attachment-thumbnail size-thumbnail wp-post-image\" alt=\"\" style=\"max-width:150px;max-height:150px;\" srcset=\"https:\/\/dtk-dortmund.de\/wp-content\/uploads\/2025\/12\/N24_6742_DM-150x150.jpg 150w, https:\/\/dtk-dortmund.de\/wp-content\/uploads\/2025\/12\/N24_6742_DM-510x510.jpg 510w\" sizes=\"auto, (max-width: 150px) 100vw, 150px\" \/><\/div><a class=\"wp-block-latest-posts__post-title\" href=\"https:\/\/dtk-dortmund.de\/index.php\/2025\/12\/10\/vielseitigkeitspruefung-am-30-11-2025\/\">Vielseitigkeitspr\u00fcfung am 30.11.2025<\/a><div class=\"wp-block-latest-posts__post-excerpt\">Am 30.11.2025 traten zwei der vier gemeldeten Gespanne zu unserer Vielseitigkeitspr\u00fcfung an. Gepr\u00fcft wurde die Schwei\u00dfarbeit, der Gehorsam mit F\u00fchrigkeit, Ablegen und Schussruhe, Benehmen am\u2026\u00a0<a class=\"wp-block-latest-posts__read-more\" href=\"https:\/\/dtk-dortmund.de\/index.php\/2025\/12\/10\/vielseitigkeitspruefung-am-30-11-2025\/\" rel=\"noopener noreferrer\"><span class=\"screen-reader-text\">Vielseitigkeitspr\u00fcfung am 30.11.2025 <\/span>weiterlesen<\/a><\/div><\/li>\n<li><div class=\"wp-block-latest-posts__featured-image\"><img loading=\"lazy\" decoding=\"async\" width=\"150\" height=\"150\" src=\"https:\/\/dtk-dortmund.de\/wp-content\/uploads\/2025\/11\/WhatsApp-Image-2025-11-09-at-18.31.33-150x150.jpeg\" class=\"attachment-thumbnail size-thumbnail wp-post-image\" alt=\"\" style=\"max-width:150px;max-height:150px;\" srcset=\"https:\/\/dtk-dortmund.de\/wp-content\/uploads\/2025\/11\/WhatsApp-Image-2025-11-09-at-18.31.33-150x150.jpeg 150w, https:\/\/dtk-dortmund.de\/wp-content\/uploads\/2025\/11\/WhatsApp-Image-2025-11-09-at-18.31.33-510x510.jpeg 510w\" sizes=\"auto, (max-width: 150px) 100vw, 150px\" \/><\/div><a class=\"wp-block-latest-posts__post-title\" href=\"https:\/\/dtk-dortmund.de\/index.php\/2025\/11\/17\/schweisspruefung-am-9-november-2025\/\">Schwei\u00dfpr\u00fcfung am 9. November 2025<\/a><div class=\"wp-block-latest-posts__post-excerpt\">F\u00fcnf Gespanne nahmen an unserer herbstlichen Schwei\u00dfpr\u00fcfung teil. Die F\u00e4hrten waren anspruchsvoll und alle Gespanne bestanden die Pr\u00fcfung. Der Tagessieg ging an Xeros vom Bieberstein.\u2026\u00a0<a class=\"wp-block-latest-posts__read-more\" href=\"https:\/\/dtk-dortmund.de\/index.php\/2025\/11\/17\/schweisspruefung-am-9-november-2025\/\" rel=\"noopener noreferrer\"><span class=\"screen-reader-text\">Schwei\u00dfpr\u00fcfung am 9. November 2025 <\/span>weiterlesen<\/a><\/div><\/li>\n<li><div class=\"wp-block-latest-posts__featured-image\"><img loading=\"lazy\" decoding=\"async\" width=\"150\" height=\"150\" src=\"https:\/\/dtk-dortmund.de\/wp-content\/uploads\/2025\/11\/N24_5537_DM-150x150.jpg\" class=\"attachment-thumbnail size-thumbnail wp-post-image\" alt=\"\" style=\"max-width:150px;max-height:150px;\" srcset=\"https:\/\/dtk-dortmund.de\/wp-content\/uploads\/2025\/11\/N24_5537_DM-150x150.jpg 150w, https:\/\/dtk-dortmund.de\/wp-content\/uploads\/2025\/11\/N24_5537_DM-510x510.jpg 510w\" sizes=\"auto, (max-width: 150px) 100vw, 150px\" \/><\/div><a class=\"wp-block-latest-posts__post-title\" href=\"https:\/\/dtk-dortmund.de\/index.php\/2025\/11\/11\/spurlautpruefung-am-2-november-2025\/\">Spurlautpr\u00fcfung am 2. November 2025<\/a><div class=\"wp-block-latest-posts__post-excerpt\">Nachdem es den ganzen Samstag durchgeregnet hatte, klarte es am Sonntagmorgen auf und unsere Spurlautpr\u00fcfung fand bei bei strahlendem Sonnenschein statt. Ein Teckel musste noch\u2026\u00a0<a class=\"wp-block-latest-posts__read-more\" href=\"https:\/\/dtk-dortmund.de\/index.php\/2025\/11\/11\/spurlautpruefung-am-2-november-2025\/\" rel=\"noopener noreferrer\"><span class=\"screen-reader-text\">Spurlautpr\u00fcfung am 2. November 2025 <\/span>weiterlesen<\/a><\/div><\/li>\n<li><div class=\"wp-block-latest-posts__featured-image\"><img loading=\"lazy\" decoding=\"async\" width=\"150\" height=\"150\" src=\"https:\/\/dtk-dortmund.de\/wp-content\/uploads\/2025\/10\/IMG_5601-Kopie-150x150.jpg\" class=\"attachment-thumbnail size-thumbnail wp-post-image\" alt=\"\" style=\"max-width:150px;max-height:150px;\" srcset=\"https:\/\/dtk-dortmund.de\/wp-content\/uploads\/2025\/10\/IMG_5601-Kopie-150x150.jpg 150w, https:\/\/dtk-dortmund.de\/wp-content\/uploads\/2025\/10\/IMG_5601-Kopie-510x510.jpg 510w\" sizes=\"auto, (max-width: 150px) 100vw, 150px\" \/><\/div><a class=\"wp-block-latest-posts__post-title\" href=\"https:\/\/dtk-dortmund.de\/index.php\/2025\/10\/04\/dackelrennen-und-sommerfest-am-27-09-2025\/\">Dackelrennen und Sommerfest am 27.09.2025<\/a><div class=\"wp-block-latest-posts__post-excerpt\">24 Teckel aller Altersklassen und zwei weitere Gasthunde stellten sich der Herausforderung, die 50 Meter lange Rennstrecke auf direktem Wege zu \u00fcberwinden. Die Zeiten lagen\u2026\u00a0<a class=\"wp-block-latest-posts__read-more\" href=\"https:\/\/dtk-dortmund.de\/index.php\/2025\/10\/04\/dackelrennen-und-sommerfest-am-27-09-2025\/\" rel=\"noopener noreferrer\"><span class=\"screen-reader-text\">Dackelrennen und Sommerfest am 27.09.2025 <\/span>weiterlesen<\/a><\/div><\/li>\n<li><div class=\"wp-block-latest-posts__featured-image\"><img loading=\"lazy\" decoding=\"async\" width=\"150\" height=\"150\" src=\"https:\/\/dtk-dortmund.de\/wp-content\/uploads\/2025\/09\/WhatsApp-Image-2025-08-31-at-07.07.37-8-e1756821331264-150x150.jpeg\" class=\"attachment-thumbnail size-thumbnail wp-post-image\" alt=\"\" style=\"max-width:150px;max-height:150px;\" srcset=\"https:\/\/dtk-dortmund.de\/wp-content\/uploads\/2025\/09\/WhatsApp-Image-2025-08-31-at-07.07.37-8-e1756821331264-150x150.jpeg 150w, https:\/\/dtk-dortmund.de\/wp-content\/uploads\/2025\/09\/WhatsApp-Image-2025-08-31-at-07.07.37-8-e1756821331264-510x510.jpeg 510w\" sizes=\"auto, (max-width: 150px) 100vw, 150px\" \/><\/div><a class=\"wp-block-latest-posts__post-title\" href=\"https:\/\/dtk-dortmund.de\/index.php\/2025\/09\/02\/begleithundepruefung-der-gruppe-dortmund-am-24-august-2025\/\">Begleithundepr\u00fcfung am 24. August 2025<\/a><div class=\"wp-block-latest-posts__post-excerpt\">Die Begleithundepr\u00fcfung ist ein wichtiger Bestandteil in der Ausbildung unserer Hunde und zeigt, dass der Teckel mit seinem Menschen gut als Team zusammenarbeiten kann. Seit\u2026\u00a0<a class=\"wp-block-latest-posts__read-more\" href=\"https:\/\/dtk-dortmund.de\/index.php\/2025\/09\/02\/begleithundepruefung-der-gruppe-dortmund-am-24-august-2025\/\" rel=\"noopener noreferrer\"><span class=\"screen-reader-text\">Begleithundepr\u00fcfung am 24. August 2025 <\/span>weiterlesen<\/a><\/div><\/li>\n<\/ul>\n\n\n<p><\/p>\n\n\n\n<p><\/p>\n\n\n\n<p><\/p>\n\n\n\n<p><\/p>\n","protected":false},"excerpt":{"rendered":"","protected":false},"author":1,"featured_media":0,"parent":0,"menu_order":0,"comment_status":"closed","ping_status":"closed","template":"","meta":{"footnotes":""},"class_list":["post-20","page","type-page","status-publish","czr-hentry"],"yoast_head":"<!-- This site is optimized with the Yoast SEO plugin v27.4 - https:\/\/yoast.com\/product\/yoast-seo-wordpress\/ -->\n<title>Home - DTK Dortmund 1 e.V.<\/title>\n<meta name=\"robots\" content=\"index, follow, max-snippet:-1, max-image-preview:large, max-video-preview:-1\" \/>\n<link rel=\"canonical\" href=\"https:\/\/dtk-dortmund.de\/\" \/>\n<meta property=\"og:locale\" content=\"de_DE\" \/>\n<meta property=\"og:type\" content=\"article\" \/>\n<meta property=\"og:title\" content=\"Home - DTK Dortmund 1 e.V.\" \/>\n<meta property=\"og:url\" content=\"https:\/\/dtk-dortmund.de\/\" \/>\n<meta property=\"og:site_name\" content=\"DTK Dortmund 1 e.V.\" \/>\n<meta property=\"article:modified_time\" content=\"2026-04-16T06:46:38+00:00\" \/>\n<meta name=\"twitter:card\" content=\"summary_large_image\" \/>\n<script type=\"application\/ld+json\" class=\"yoast-schema-graph\">{\"@context\":\"https:\\\/\\\/schema.org\",\"@graph\":[{\"@type\":\"WebPage\",\"@id\":\"https:\\\/\\\/dtk-dortmund.de\\\/\",\"url\":\"https:\\\/\\\/dtk-dortmund.de\\\/\",\"name\":\"Home - DTK Dortmund 1 e.V.\",\"isPartOf\":{\"@id\":\"https:\\\/\\\/dtk-dortmund.de\\\/#website\"},\"datePublished\":\"2021-03-06T19:32:36+00:00\",\"dateModified\":\"2026-04-16T06:46:38+00:00\",\"breadcrumb\":{\"@id\":\"https:\\\/\\\/dtk-dortmund.de\\\/#breadcrumb\"},\"inLanguage\":\"de\",\"potentialAction\":[{\"@type\":\"ReadAction\",\"target\":[\"https:\\\/\\\/dtk-dortmund.de\\\/\"]}]},{\"@type\":\"BreadcrumbList\",\"@id\":\"https:\\\/\\\/dtk-dortmund.de\\\/#breadcrumb\",\"itemListElement\":[{\"@type\":\"ListItem\",\"position\":1,\"name\":\"Startseite\",\"item\":\"https:\\\/\\\/dtk-dortmund.de\\\/\"},{\"@type\":\"ListItem\",\"position\":2,\"name\":\"Home\"}]},{\"@type\":\"WebSite\",\"@id\":\"https:\\\/\\\/dtk-dortmund.de\\\/#website\",\"url\":\"https:\\\/\\\/dtk-dortmund.de\\\/\",\"name\":\"DTK Dortmund 1 e.V.\",\"description\":\"Gruppe Dortmund 1 e.V. im Deutschen Teckelklub. Gegr\u00fcndet 1921.\",\"publisher\":{\"@id\":\"https:\\\/\\\/dtk-dortmund.de\\\/#organization\"},\"potentialAction\":[{\"@type\":\"SearchAction\",\"target\":{\"@type\":\"EntryPoint\",\"urlTemplate\":\"https:\\\/\\\/dtk-dortmund.de\\\/?s={search_term_string}\"},\"query-input\":{\"@type\":\"PropertyValueSpecification\",\"valueRequired\":true,\"valueName\":\"search_term_string\"}}],\"inLanguage\":\"de\"},{\"@type\":\"Organization\",\"@id\":\"https:\\\/\\\/dtk-dortmund.de\\\/#organization\",\"name\":\"DTK Dortmund 1 e.V.\",\"url\":\"https:\\\/\\\/dtk-dortmund.de\\\/\",\"logo\":{\"@type\":\"ImageObject\",\"inLanguage\":\"de\",\"@id\":\"https:\\\/\\\/dtk-dortmund.de\\\/#\\\/schema\\\/logo\\\/image\\\/\",\"url\":\"https:\\\/\\\/dtk-dortmund.de\\\/wp-content\\\/uploads\\\/2023\\\/07\\\/cropped-cropped-cropped-DTKDOSymbol_250-1.png\",\"contentUrl\":\"https:\\\/\\\/dtk-dortmund.de\\\/wp-content\\\/uploads\\\/2023\\\/07\\\/cropped-cropped-cropped-DTKDOSymbol_250-1.png\",\"width\":250,\"height\":250,\"caption\":\"DTK Dortmund 1 e.V.\"},\"image\":{\"@id\":\"https:\\\/\\\/dtk-dortmund.de\\\/#\\\/schema\\\/logo\\\/image\\\/\"}}]}<\/script>\n<!-- \/ Yoast SEO plugin. -->","yoast_head_json":{"title":"Home - DTK Dortmund 1 e.V.","robots":{"index":"index","follow":"follow","max-snippet":"max-snippet:-1","max-image-preview":"max-image-preview:large","max-video-preview":"max-video-preview:-1"},"canonical":"https:\/\/dtk-dortmund.de\/","og_locale":"de_DE","og_type":"article","og_title":"Home - DTK Dortmund 1 e.V.","og_url":"https:\/\/dtk-dortmund.de\/","og_site_name":"DTK Dortmund 1 e.V.","article_modified_time":"2026-04-16T06:46:38+00:00","twitter_card":"summary_large_image","schema":{"@context":"https:\/\/schema.org","@graph":[{"@type":"WebPage","@id":"https:\/\/dtk-dortmund.de\/","url":"https:\/\/dtk-dortmund.de\/","name":"Home - DTK Dortmund 1 e.V.","isPartOf":{"@id":"https:\/\/dtk-dortmund.de\/#website"},"datePublished":"2021-03-06T19:32:36+00:00","dateModified":"2026-04-16T06:46:38+00:00","breadcrumb":{"@id":"https:\/\/dtk-dortmund.de\/#breadcrumb"},"inLanguage":"de","potentialAction":[{"@type":"ReadAction","target":["https:\/\/dtk-dortmund.de\/"]}]},{"@type":"BreadcrumbList","@id":"https:\/\/dtk-dortmund.de\/#breadcrumb","itemListElement":[{"@type":"ListItem","position":1,"name":"Startseite","item":"https:\/\/dtk-dortmund.de\/"},{"@type":"ListItem","position":2,"name":"Home"}]},{"@type":"WebSite","@id":"https:\/\/dtk-dortmund.de\/#website","url":"https:\/\/dtk-dortmund.de\/","name":"DTK Dortmund 1 e.V.","description":"Gruppe Dortmund 1 e.V. im Deutschen Teckelklub. Gegr\u00fcndet 1921.","publisher":{"@id":"https:\/\/dtk-dortmund.de\/#organization"},"potentialAction":[{"@type":"SearchAction","target":{"@type":"EntryPoint","urlTemplate":"https:\/\/dtk-dortmund.de\/?s={search_term_string}"},"query-input":{"@type":"PropertyValueSpecification","valueRequired":true,"valueName":"search_term_string"}}],"inLanguage":"de"},{"@type":"Organization","@id":"https:\/\/dtk-dortmund.de\/#organization","name":"DTK Dortmund 1 e.V.","url":"https:\/\/dtk-dortmund.de\/","logo":{"@type":"ImageObject","inLanguage":"de","@id":"https:\/\/dtk-dortmund.de\/#\/schema\/logo\/image\/","url":"https:\/\/dtk-dortmund.de\/wp-content\/uploads\/2023\/07\/cropped-cropped-cropped-DTKDOSymbol_250-1.png","contentUrl":"https:\/\/dtk-dortmund.de\/wp-content\/uploads\/2023\/07\/cropped-cropped-cropped-DTKDOSymbol_250-1.png","width":250,"height":250,"caption":"DTK Dortmund 1 e.V."},"image":{"@id":"https:\/\/dtk-dortmund.de\/#\/schema\/logo\/image\/"}}]}},"_links":{"self":[{"href":"https:\/\/dtk-dortmund.de\/index.php\/wp-json\/wp\/v2\/pages\/20","targetHints":{"allow":["GET"]}}],"collection":[{"href":"https:\/\/dtk-dortmund.de\/index.php\/wp-json\/wp\/v2\/pages"}],"about":[{"href":"https:\/\/dtk-dortmund.de\/index.php\/wp-json\/wp\/v2\/types\/page"}],"author":[{"embeddable":true,"href":"https:\/\/dtk-dortmund.de\/index.php\/wp-json\/wp\/v2\/users\/1"}],"replies":[{"embeddable":true,"href":"https:\/\/dtk-dortmund.de\/index.php\/wp-json\/wp\/v2\/comments?post=20"}],"version-history":[{"count":269,"href":"https:\/\/dtk-dortmund.de\/index.php\/wp-json\/wp\/v2\/pages\/20\/revisions"}],"predecessor-version":[{"id":4316,"href":"https:\/\/dtk-dortmund.de\/index.php\/wp-json\/wp\/v2\/pages\/20\/revisions\/4316"}],"wp:attachment":[{"href":"https:\/\/dtk-dortmund.de\/index.php\/wp-json\/wp\/v2\/media?parent=20"}],"curies":[{"name":"wp","href":"https:\/\/api.w.org\/{rel}","templated":true}]}}